ist the prime factors of u.
641
Let u(l) be the third derivative of 23*l**5/30 + l**4/4 + l**3/2 - 40*l**2. List the prime factors of u(-2).
5, 7
Let h(o) = -2*o**2 + 11*o - 10. Let c be h(4). Suppose -c*n + 344 = 4*b, -3*b + n + 256 = 2*n. What are the prime factors of b?
2, 3, 7
Suppose -2*a - 3*o + 6*o + 75 = 0, -5*a + 2*o + 160 = 0. Suppose -2*f + a = -5*x, -3*x = f - 3*f + 18. Let v = x - -16. List the prime factors of v.
2, 5
Let i = -7 - -11. Suppose -426 = h - i*h. List the prime factors of h.
2, 71
What are the prime factors of (6 + 4420/(-15))*-9?
2, 3, 433
Suppose -4*n = -2*y + 22 + 8, 0 = y - 4*n - 25. Suppose o = -w + 70 + 47, y*o - 3*w = 561. List the prime factors of o.
2, 3, 19
Let r be 18/5 + 4/10. Let z be 4 + r/(-8)*2. Suppose 4*c = -4*d + 136, -z*c + 126 = -d + 36. List the prime factors of c.
31
Let t be (-5)/(-6)*183 - 2/(-4). Suppose -j + t = 5*h, -2*h + 0*h - 125 = -j. List the prime factors of j.
7, 19
Let d(l) = 30*l - 23. List the prime factors of d(13).
367
Suppose 26*j - 7191 = 23*j - 4*p, -5*j - 4*p + 11977 = 0. List the prime factors of j.
2393
Suppose 34*m + 785 = 39*m. What are the prime factors of m?
157
Suppose -188*a = -194*a + 10056. What are the prime factors of a?
2, 419
Suppose 4*g = 4*z - g + 2, -z - 5*g + 12 = 0. Suppose -5*j - z*i = -1093, -2*i + 79 = j - 138. What are the prime factors of j?
3, 73
Let i = -1560 - -2725. List the prime factors of i.
5, 233
Let a(y) = 89*y**2 - 21*y - 70. What are the prime factors of a(-5)?
2, 5, 113
Suppose -13049 - 6215 = -16*t. List the prime factors of t.
2, 7, 43
Let z = -1 + 5. Suppose -5*a - 3*l + 99 + 113 = 0, -4*a = -3*l - 175. Suppose z*j + 4*g + g - a = 0, -5*j = -5*g - 65. What are the prime factors of j?
2, 3
Suppose 2*n + 5*c = 151, 0 = n + 3*n - 3*c - 263. Suppose 5*g - 4*f + 145 = -68, 2*f + 201 = -5*g. Let s = g + n. What are the prime factors of s?
3
Suppose 0 = 4*a - 3*a, p + a = 3. Let j(d) = 3*d - 3 + p - 2 + 1. What are the prime factors of j(2)?
5
Let p = 617 + -418. List the prime factors of p.
199
Let q be (-2 - -1)*-23 - 1. Let i(y) = -8*y + 120. Let f be i(15). Suppose f = -0*z - 2*z + q. List the prime factors of z.
11
Let l(t) = t**3 + 8*t**2 - 2*t - 6. Let g(q) = q**3 - 17*q**2 + 15*q + 8. Let a be g(16). List the prime factors of l(a).
2, 5
Let j = -20 + 61. Let w(s) = -2*s - 33. Let z be w(-9). Let q = j + z. What are the prime factors of q?
2, 13
Let c(w) = -w**3 + 9*w**2 - 9*w + 12. Let f be c(8). Suppose b - 140 = 5*h + 65, 604 = 3*b - f*h. Suppose -b = 7*q - 12*q. What are the prime factors of q?
2, 5
Let l(w) = -w**2 - 3. Let i be l(6). Let q = 15 + i. What are the prime factors of q/8 - (-14)/2?
2
Suppose w - 12 - 50 = -5*f, 0 = -3*w - 4*f + 230. Suppose 9*k - 89 - w = 0. What are the prime factors of k?
19
Let l = -345 + 579. What are the prime factors of l?
2, 3, 13
Let o = -47 + 41. Let x(c) = -c**3 - 4*c**2 - 4*c - 34. What are the prime factors of x(o)?
2, 31
Let n(q) = -26*q**3 + 10*q**2 + 23*q - 11. What are the prime factors of n(-6)?
5827
Let y(o) = 26*o**2 + o + 2. Let t be y(-4). Suppose -3*l + 9*l = t. Suppose 3*u - l = 126. What are the prime factors of u?
5, 13
Let y(d) = -4*d - 6*d + 5*d**3 - 4*d**2 - 4*d**3 - 13 - 8*d**2. Let i(a) = -a**3 - 10*a**2 + 10*a + 2. Let s be i(-11). List the prime factors of y(s).
2, 13
Let t(s) = -s**3 - 3*s**2 - 2*s - 10. Suppose 25*m - 21*m = -20. What are the prime factors of t(m)?
2, 5
Suppose -2*s = 2*l - 2, -1 = -l - 0*l. Suppose -v + 20 = 4*v. Suppose s = -v*d + 107 - 15. List the prime factors of d.
23
Let t(v) = v**2 - 7*v + 6. Let g be t(6). Let z be ((-7)/2 + 3)*g. Suppose z*w + 52 = 4*w. List the prime factors of w.
13
Let u be (1 + 3 - -136) + (4 - 2). Let v = u + 0. List the prime factors of v.
2, 71
Let i be (-10818)/(-33) + -7 + (-2)/(-11). Let a = 471 - i. What are the prime factors of a?
2, 3, 5
Let b be 30/9*9/6. Suppose b*g + 111 = -a, 2*a + 4*g + 204 = -0*g. What are the prime factors of 1 + (-3 - a/4)?
2, 11
Suppose 5*b + 10*k = 5*k + 2815, 2*k = -2. List the prime factors of b.
2, 3, 47
Let c(r) = 33*r**3 + 3*r**2 + 5*r - 3. Let i be c(3). What are the prime factors of ((-4)/(-10))/(6/i)?
2, 31
Suppose 0 = -3*h - 5*b + 30, -5*h + 9 = -2*b - 10. Suppose -i - 5 = -2*v, h*i + 5*v - 17 = 33. Suppose i*t - 61 - 34 = 0. What are the prime factors of t?
19
Suppose 4*v + 2*c - 6*c = 1312, -621 = -2*v - 5*c. Suppose -85 = -2*n + v. Suppose -w = -5*q + 237, 5*q + 4*w - n = q. What are the prime factors of q?
2, 3
Let x = 17 + -43. Let r = x - -50. Let z = r - -6. List the prime factors of z.
2, 3, 5
Suppose 3*m = 3*z - 498, 3*z - 496 = -0*m + m. Let g = 254 - z. List the prime factors of g.
89
Let c = 212 + 140. Let h = -51 + c. List the prime factors of h.
7, 43
Let r = 748 + 501. What are the prime factors of r?
1249
Suppose 0 = -5*k + 8 + 7. Suppose 2 + 10 = k*a. Suppose -18 - 33 = -5*z + a*w, -2*z - w = -23. List the prime factors of z.
11
Let n(o) = 496*o - 170. List the prime factors of n(2).
2, 3, 137
Let v(u) = 76*u**3 + 4*u**2 + u. List the prime factors of v(3).
3, 17, 41
What are the prime factors of -42*1*(-100)/8?
3, 5, 7
Let z = -40 + 47. Suppose z = -v + 44. What are the prime factors of v?
37
Let b = 386 + -350. What are the prime factors of b?
2, 3
Let y = 125 + -127. What are the prime factors of (y - -962)/3 - 16/4?
2, 79
Let p(b) = 46*b - 1. Let d be p(1). Suppose -5*m + 70 = -d. Suppose 4*x - 12 = 0, -4*l = -x - m - 62. What are the prime factors of l?
2, 11
Suppose 90 = n - 30. Suppose -3*k + n = -0*k. List the prime factors of k.
2, 5
Let o = -71 + 106. Suppose -o = -4*w + 3*w. What are the prime factors of w?
5, 7
Let m(z) = -12*z + 12. Let d be m(-8). Suppose -k - d = -3*i, -3*k = 2*k. Let j = i - 9. What are the prime factors of j?
3
Let s(x) = -58 + 2*x + 58 - 2*x**2. Let k be s(2). What are the prime factors of 6/(1/(-20)*k)?
2, 3, 5
Let t(l) = 71*l**2 + 10*l - 86. What are the prime factors of t(6)?
2, 5, 11, 23
Let o(w) = 4*w - 6. Let v be o(2). Let r(c) = -c - 2. Let f be r(-2). Suppose f = -v*g + 30. What are the prime factors of g?
3, 5
Suppose 0 = -h + 4 - 0. Suppose -7*f + h = -6*f. Suppose f*s - 35 = -s. List the prime factors of s.
7
Let c(o) = -o**2 + 2 - 577*o**3 + 0 + 580*o**3. List the prime factors of c(4).
2, 89
Suppose -582 = -2*y - 4*y. List the prime factors of y.
97
Let z = -29 - -39. What are the prime factors of (-70)/(-21)*24/z?
2
What are the prime factors of (-112)/24*(-15 + 0)?
2, 5, 7
Let w = 5714 - 4067. List the prime factors of w.
3, 61
What are the prime factors of (4/(-14))/((-42)/115836)?
2, 197
Let x = -8 + 13. Let b(v) = 4*v - 20. Let k be b(x). Suppose 2*n - 3*n + 61 = k. What are the prime factors of n?
61
Let a be ((-6)/21)/((-3)/21). Let d be (3/a)/((-21)/(-98)). Suppose -2*x + 15 = -d. What are the prime factors of x?
11
Suppose -3*t + 15 = -3*k, 0 = t + 4*t - 4*k - 23. Suppose 0 = t*p + 541 + 257. What are the prime factors of (-4)/(-18) + p/(-18)?
3, 5
What are the prime factors of 2984*1 + ((-18)/(-2) - 3)?
2, 5, 13, 23
Let d(q) = -q**3 - 2*q**2 - 6*q. Suppose 63 = -3*k + 3*o, 27 = 5*k - 4*o + 134. Let h = k + 19. What are the prime factors of d(h)?
2, 7
Let d = -135 - -338. What are the prime factors of d?
7, 29
Let g be 30/(-2)*4/6. Let z be (-104)/g + (-6)/15. Suppose -z = 5*i - 105. What are the prime factors of i?
19
Suppose 38*d = -42*d + 186320. What are the prime factors of d?
17, 137
Suppose -3*n = -3*j + 4314, 10 = 3*n - 2. List the prime factors of j.
2, 7, 103
Let s = 2 - 0. Let d(q) = 3*q - 2. Let i be d(s). Suppose 2*k = 5*k + 2*z - 62, -i*k - 2*z + 82 = 0. What are the prime factors of k?
2, 5
Let n(g) = 2*g**2 - 8*g - 16. Suppose 5*f + 5*w = -6 - 4, f = w. Let o be (8 + f)/(14/14). List the prime factors of n(o).
2, 13
Let a(i) = -i + 729. What are the prime factors of a(26)?
19, 37
What are the prime factors of 480/1 - (-8 - -6)?
2, 241
Let a(y) = -615*y**2 + 2*y**3 - y + 2 + 0*y + 616*y**2 + y. Let t(w) = w + 5. Let k be t(-3). What are the prime factors of a(k)?
2, 11
Let q = -8 - -10. Let f be (q*-3)/(-8 - -6). Suppose -f*w = 2*v - v - 9, 5*v - 45 = 4*w. List the prime factors of v.
3
Suppose 5*j + 3*b = -183 + 9892, 3*j = -5*b + 5835. List the prime factors of j.
2, 5, 97
Suppose